8. Is a composite?
True
Let v(w) = -60*w + 29. Is v(-11) a composite number?
True
Let f be ((-3)/6 + 1)*122. Let g = 118 - f. Is g a prime number?
False
Let s = 62 - 23. Is s prime?
False
Let x be ((-9)/(-4))/(6/32). Let m(t) = t**2 + 3*t - 2. Let k be m(-3). Is (39/x)/(k/(-24)) a composite number?
True
Let r = -904 + 1587. Is r prime?
True
Let l(h) = 10*h + 1. Let t be l(6). Let b = 86 - t. Is b a prime number?
False
Suppose -4*v = 16 + 12. Let p(u) = 2*u**2 + 10*u + 9. Is p(v) prime?
True
Let m(j) = -j**3 + 8*j**2 + 11*j - 11. Let u be m(9). Suppose u*w = 2*w + 2075. Is w a composite number?
True
Let i(s) be the third derivative of s**5/6 + s**4/6 + 2*s**3/3 + 3*s**2. Is i(-3) a composite number?
True
Is (-4080)/(-14) + (-45)/105 prime?
False
Let q(s) = 153*s**2 + 4*s + 2. Let i(m) = -77*m**2 - 2*m - 1. Let x(t) = -7*i(t) - 3*q(t). Is x(-1) composite?
False
Let q = -98 + 140. Suppose -6*n = -n - 2*j - 152, 3*n - j - 92 = 0. Is n/14 - 12/q a prime number?
True
Suppose 5*q - 1479 = 2*y, -243 = -4*q + 3*y + 943. Is q composite?
True
Let x = 807 + 314. Is x a prime number?
False
Let b = -12 - -18. Suppose -f - 2 = 0, -3*f + 2 = a - 0*f. Is (a/b + 3)*21 a composite number?
True
Let t(b) = -b**3 + 5*b**2 - 4*b + 5. Let q be t(4). Suppose -2*u - 951 = -q*w, 2*w = w + 2*u + 187. Suppose -7*n + w = -6*n. Is n a composite number?
False
Let f = 622 - 96. Is f prime?
False
Let b(w) = -3*w**3 + 5*w**2 + 5*w - 1. Is b(-4) prime?
True
Is (-6047)/(-3) + (7 - 102/18) prime?
True
Suppose -3*u + 8*u - 3115 = 0. Is u a composite number?
True
Suppose -3*z + 190 = 178. Let b = 51 + 4. Suppose b + 117 = z*r. Is r composite?
False
Let n = -7 + 27. Suppose 0 = 5*u - n, -w - w = 2*u - 36. Is w composite?
True
Let h(j) = -99*j - 2. Is h(-5) prime?
False
Suppose s + 3*y - 2*y - 229 = 0, -4*y - 1118 = -5*s. Is ((-3)/(-6) + 0)*s a composite number?
False
Let h = 723 + -46. Is h prime?
True
Let b = -1 - 0. Let h be (b + 1)/(-1*2). Suppose -3*k - 4*t + 205 = h, -7*t + 340 = 5*k - 2*t. Is k a prime number?
True
Let c(s) = -100*s + 35*s - 168*s. Is c(-1) prime?
True
Let q(v) = 42*v**2 + v. Is q(1) composite?
False
Suppose -51 = 4*l + 161. Let w = -31 - l. Is (w - 2)*2/4 composite?
True
Let t(v) = v**3 + 19*v**2 - 21*v - 25. Is t(-18) composite?
False
Let i(o) = -o**3 + 10*o**2 + 2*o + 13. Let d be i(10). Let p = d - 2. Is p a prime number?
True
Let d be (-4)/(-18) - 176/(-18). Suppose 0 = w - 0*w - d. Let i = w + 11. Is i composite?
True
Let x = -156 - -649. Is x a composite number?
True
Let f = 14 + -9. Suppose f*p = 2*p. Suppose p = 2*t + 2*t - 236. Is t a prime number?
True
Let f(k) = k - 5. Let i be f(4). Let m be 0/((2/(-2))/i). Suppose m = w - 5*w + 380. Is w prime?
False
Suppose 5*f + 0*f = 150. Suppose -y + 5*y + 8 = 3*s, -2*y - f = 5*s. Let l(k) = -31*k + 3. Is l(s) a prime number?
True
Let b = 1032 + -705. Suppose -z + 4*j + 0*j = -b, 5*j - 282 = -z. Is z a prime number?
True
Suppose -2 - 2 = -2*c. Suppose 0 = -3*n - 0*r + c*r + 437, 5*n - r = 740. Suppose 0 = m - 3*f - 10 - 33, 4*f = 3*m - n. Is m composite?
True
Let r(k) = -k**3 + 6*k**2 - 5. Let p be r(6). Is (-16)/(-40) - 813/p a composite number?
False
Suppose 3*q - 5*o = -10, q - 2*o + 8 - 4 = 0. Suppose -g - m + 29 - 3 = 0, q = -5*g - m + 138. Is (20/(-8))/((-2)/g) a composite number?
True
Suppose 2*z + 5 = w, -z - 2*z = 5*w - 12. Is (2 + (-15)/(-1))*w a prime number?
False
Let l = 0 - -5. Let k = 3 + l. Suppose -5*v + 17 = -5*z - 28, v - 2*z = k. Is v a prime number?
False
Let p(r) = -45*r - 14. Let b(d) = -d**2 - 2*d + 10. Let u be b(-5). Is p(u) composite?
False
Is (-711)/(-23) - (-10)/115 a composite number?
False
Let p be 2/2 + 0 + 1. Let x(d) = -2*d**2 - 5*d**2 + 4*d**2 + 3*d + 4*d**p. Is x(-5) a prime number?
False
Let r be -1 + 1 - (-203 + 2). Suppose 0 = -2*p - 2*l + 74, -2*l - l = -5*p + r. Suppose -p = -2*s - s. Is s a prime number?
True
Let d = 2 - 3. Let l(h) = 4*h**3 + 13*h**2 + 9*h - 10. Let f(r) = r**3 + r**2. Let t(a) = d*l(a) + 3*f(a). Is t(-9) composite?
True
Let z be (-34)/8*(-16)/4. Is 1 - (-1 + z/(-1)) a prime number?
True
Let t = -446 - -645. Is t prime?
True
Let r(i) = 26*i - 5. Let q be (1 - 0)*(3 + -1). Is r(q) a composite number?
False
Let k(r) be the second derivative of 5*r**3/3 + r**2/2 - 3*r. Let d be k(1). Suppose 0 = -5*x + 4*x + d. Is x a prime number?
True
Let x(a) = -26*a**2 + 9*a - 1. Let l be x(8). Is (-1)/(-4) - l/12 a composite number?
True
Let p(b) = 629*b**2 + b. Let m be p(1). Suppose 0*z - m = -5*z. Is (2/2 + z)*1 a prime number?
True
Suppose -5*s + 4*r + 116 = 0, 3*s - 4*r = -0*r + 68. Suppose z - s = -3*y + 23, z = 4*y + 47. Is z composite?
False
Suppose 3305 = 3*c - p, -p + 2*p - 4416 = -4*c. Is c a composite number?
False
Let c be ((-25)/(-10))/((-1)/(-2)). Let b = c - 5. Is ((-99)/(b - -3))/(-1) a composite number?
True
Let c = 392 - 153. Is c composite?
False
Let a be (-4)/10 - (-8)/20. Suppose a*y = -y - 2. Is ((-1)/1)/(y/154) a prime number?
False
Suppose 1866 = -4*l + 5218. Is l composite?
True
Let y(s) = -s + 7. Let v be y(6). Let m(f) = 237*f**3 - f**2 + 1. Is m(v) prime?
False
Is (-10)/(-4)*(-4 + 38) a prime number?
False
Let i = 11113 - 6198. Is i prime?
False
Suppose 5*t = 3*h + 7 - 37, 5*h - t = 28. Suppose v - 2*u + 84 = 0, 4*v - 2*u - 72 = h*v. Let g = 133 + v. Is g composite?
True
Let b be 4/22 + 2008/88. Let t = b - -26. Is t prime?
False
Is ((-6082)/8)/(1/(-4)) a composite number?
False
Is (355/20)/(2/8) a prime number?
True
Let r = 91 + 0. Is r a composite number?
True
Let s(v) = v**3 - 2*v**2 + 3*v - 2. Let f be s(2). Suppose 3*m - 323 = -0*u - f*u, -m - 72 = -u. Is u a composite number?
True
Suppose -b = 5*i - 0*b - 24891, -2*i - 5*b = -9938. Is i a prime number?
False
Suppose 2*p - 1122 = 4*w + 6056, 3*p - 5*w = 10770. Is p a prime number?
False
Suppose 4 = 2*v - 2. Let a(d) = -4*d - 2*d + 2*d - d**2 - v*d + 3. Is a(-6) a prime number?
False
Suppose 9 = -3*u + 4*u + 4*d, 2*u - 18 = 5*d. Is (6/u)/(2/633) a prime number?
True
Let z = 0 + 2. Suppose -5*p + z = 32. Let q(f) = -21*f + 1. Is q(p) prime?
True
Let a = -57 + 268. Is a a composite number?
False
Suppose 7 = -4*v + 23. Suppose -4*x = -p + 2, 5*p - 4*p + v = -2*x. Is -58*((-3)/6 + p) prime?
False
Let h = 3662 + -415. Is h prime?
False
Let v(n) = -n**2 - 15*n + 3. Is v(-12) prime?
False
Let q(j) be the third derivative of -5*j**4/12 - 5*j**3/6 - 2*j**2. Is q(-6) prime?
False
Let h be 18/(-117) + (-82)/(-26). Suppose y - h*s - 53 = 0, -s + 3*s + 114 = 2*y. Is y a prime number?
True
Let b(p) be the second derivative of -11*p**3/2 - 5*p**2/2 + 2*p. Is b(-4) composite?
False
Let f = 9 - 5. Suppose -b + f*b = 201. Suppose 5*h - 3*a = 19 + 36, -3*h + b = 5*a. Is h a prime number?
False
Let o be (-23 - -1)/(-2 + 0). Let m(f) = f**3 - 8*f**2 + 9*f + 5. Is m(o) a composite number?
False
Let t = -15 - -10. Let s = 37 + t. Suppose -3*w = -2*x - 53, w = -x - 11 + s. Is w a composite number?
False
Let j(b) = 518*b**3 + 2*b - 1. Is j(1) a prime number?
False
Suppose 0 = x - 3*m - 43, -2 = m - 0*m. Is x prime?
True
Let h = 464 - 315. Is h a composite number?
False
Let b = -1309 - -1950. Is b prime?
True
Suppose 2*v + 3*x - 21 = 0, -v + 13 = -0*v + x. Suppose s - v = m - 4*m, 0 = -2*s. Suppose -4*b - 348 = -4*t, -5*b - m = 4. Is t a composite number?
True
Let m(c) = c**3 - 9*c**2 + 8*c - 8. Let p be m(8). Let q = 11 + p. Suppose -4*i + 83 = -q*i. Is i prime?
True
Let a = 170 - 103. Suppose -a - 73 = -2*p. Suppose -v = v - p. Is v a prime number?
False
Suppose -12*o + 7*o = -695. Let s = o + -33. Is s prime?
False
Suppose -3*j + 8 = h, -2*j - j + 20 = -2*h. Suppose 4*v = -s + 36, -2*v + s + 18 = -0*s. Suppose -f = 3*k + v, -k = -4*f + j*k + 32. Is f composite?
False
Suppose 2*n - 214 = 174. Is n prime?
False
Suppose -4*r = -t - 284, 5*r - t - 334 = -5*t. Suppose -2*z = -3*p + r + 31, 2*p = -z + 72. Is p a composite number?
True
Suppose -5*i = -i - 20. Suppose -2*p + 5*z + 843 = 0, z + z - 2035 = -i*p. Is p a composite number?
False
Let u = -586 - -958. Let r = u + -227. Is r a composite number?
True
Suppose -3*o + 0*o - 429 = 0. Let t = -97 - o. Is t composite?
True
Suppose 0*t = -2*t + 50. Is t a composite number?
True
Let o(u) = -u**2 + 5*u + 4. Let v be o(3). Let q = v - 2. Suppose 0 = -5*i, y + q